{"id":5470,"date":"2025-02-12T22:01:45","date_gmt":"2025-02-13T03:01:45","guid":{"rendered":"https:\/\/formationsubf.coop\/boutique\/?post_type=product&#038;p=5470"},"modified":"2025-07-21T16:17:09","modified_gmt":"2025-07-21T20:17:09","slug":"bouteille-500-ml-nacl-0-9","status":"publish","type":"product","link":"https:\/\/formationsubf.coop\/boutique\/product\/bouteille-500-ml-nacl-0-9\/","title":{"rendered":"Bouteille 500 ml NACL 0.9%"},"content":{"rendered":"<p>Solution d\u2019irrigation au Chlorure de Sodium 0.9% 500 mL<\/p>\n<ul>\n<li><strong>St\u00e9rilit\u00e9 garantie<\/strong><\/li>\n<li><strong>Concentration id\u00e9ale<\/strong><\/li>\n<li><strong>Polyvalence<\/strong><\/li>\n<li><strong>Facilit\u00e9 d\u2019utilisation<\/strong><\/li>\n<\/ul>\n<p>&nbsp;<\/p>\n<p>***Usage externe uniquement.***<\/p>\n","protected":false},"excerpt":{"rendered":"<p>Solution d\u2019irrigation au Chlorure de Sodium 0.9% 500 mL St\u00e9rilit\u00e9 garantie Concentration id\u00e9ale Polyvalence Facilit\u00e9 d\u2019utilisation &nbsp; ***Usage externe uniquement.***<\/p>\n","protected":false},"featured_media":5928,"comment_status":"open","ping_status":"closed","template":"","meta":[],"product_brand":[],"product_cat":[495,413],"product_tag":[],"class_list":{"0":"post-5470","1":"product","2":"type-product","3":"status-publish","4":"has-post-thumbnail","6":"product_cat-antiseptiques-nettoyants-et-soulagement-de-lirritation-cutanee","7":"product_cat-premiers-soins","8":"sync-code-w","10":"first","11":"outofstock","12":"taxable","13":"shipping-taxable","14":"purchasable","15":"product-type-simple"},"yoast_head":"<!-- This site is optimized with the Yoast SEO plugin v27.3 - https:\/\/yoast.com\/product\/yoast-seo-wordpress\/ -->\n<title>Bouteille 500 ml NACL 0.9% - Formations UBF | Boutique<\/title>\n<meta name=\"robots\" content=\"index, follow, max-snippet:-1, max-image-preview:large, max-video-preview:-1\" \/>\n<link rel=\"canonical\" href=\"https:\/\/formationsubf.coop\/boutique\/product\/bouteille-500-ml-nacl-0-9\/\" \/>\n<meta property=\"og:locale\" content=\"fr_FR\" \/>\n<meta property=\"og:type\" content=\"article\" \/>\n<meta property=\"og:title\" content=\"Bouteille 500 ml NACL 0.9% - Formations UBF | Boutique\" \/>\n<meta property=\"og:description\" content=\"Solution d\u2019irrigation au Chlorure de Sodium 0.9% 500 mL St\u00e9rilit\u00e9 garantie Concentration id\u00e9ale Polyvalence Facilit\u00e9 d\u2019utilisation &nbsp; ***Usage externe uniquement.***\" \/>\n<meta property=\"og:url\" content=\"https:\/\/formationsubf.coop\/boutique\/product\/bouteille-500-ml-nacl-0-9\/\" \/>\n<meta property=\"og:site_name\" content=\"Formations UBF | Boutique\" \/>\n<meta property=\"article:publisher\" content=\"https:\/\/www.facebook.com\/ubfmaterielmedicaletorthopedique\" \/>\n<meta property=\"article:modified_time\" content=\"2025-07-21T20:17:09+00:00\" \/>\n<meta property=\"og:image\" content=\"https:\/\/formationsubf.coop\/boutique\/wp-content\/uploads\/2025\/02\/61IvuRyYJ5L._SL1400_.jpg\" \/>\n\t<meta property=\"og:image:width\" content=\"1400\" \/>\n\t<meta property=\"og:image:height\" content=\"1400\" \/>\n\t<meta property=\"og:image:type\" content=\"image\/jpeg\" \/>\n<meta name=\"twitter:card\" content=\"summary_large_image\" \/>\n<meta name=\"twitter:label1\" content=\"Dur\u00e9e de lecture estim\u00e9e\" \/>\n\t<meta name=\"twitter:data1\" content=\"1 minute\" \/>\n<script type=\"application\/ld+json\" class=\"yoast-schema-graph\">{\"@context\":\"https:\\\/\\\/schema.org\",\"@graph\":[{\"@type\":\"WebPage\",\"@id\":\"https:\\\/\\\/formationsubf.coop\\\/boutique\\\/product\\\/bouteille-500-ml-nacl-0-9\\\/\",\"url\":\"https:\\\/\\\/formationsubf.coop\\\/boutique\\\/product\\\/bouteille-500-ml-nacl-0-9\\\/\",\"name\":\"Bouteille 500 ml NACL 0.9% - Formations UBF | Boutique\",\"isPartOf\":{\"@id\":\"https:\\\/\\\/formationsubf.coop\\\/boutique\\\/#website\"},\"primaryImageOfPage\":{\"@id\":\"https:\\\/\\\/formationsubf.coop\\\/boutique\\\/product\\\/bouteille-500-ml-nacl-0-9\\\/#primaryimage\"},\"image\":{\"@id\":\"https:\\\/\\\/formationsubf.coop\\\/boutique\\\/product\\\/bouteille-500-ml-nacl-0-9\\\/#primaryimage\"},\"thumbnailUrl\":\"https:\\\/\\\/formationsubf.coop\\\/boutique\\\/wp-content\\\/uploads\\\/2025\\\/02\\\/61IvuRyYJ5L._SL1400_.jpg\",\"datePublished\":\"2025-02-13T03:01:45+00:00\",\"dateModified\":\"2025-07-21T20:17:09+00:00\",\"breadcrumb\":{\"@id\":\"https:\\\/\\\/formationsubf.coop\\\/boutique\\\/product\\\/bouteille-500-ml-nacl-0-9\\\/#breadcrumb\"},\"inLanguage\":\"fr-FR\",\"potentialAction\":[{\"@type\":\"ReadAction\",\"target\":[\"https:\\\/\\\/formationsubf.coop\\\/boutique\\\/product\\\/bouteille-500-ml-nacl-0-9\\\/\"]}]},{\"@type\":\"ImageObject\",\"inLanguage\":\"fr-FR\",\"@id\":\"https:\\\/\\\/formationsubf.coop\\\/boutique\\\/product\\\/bouteille-500-ml-nacl-0-9\\\/#primaryimage\",\"url\":\"https:\\\/\\\/formationsubf.coop\\\/boutique\\\/wp-content\\\/uploads\\\/2025\\\/02\\\/61IvuRyYJ5L._SL1400_.jpg\",\"contentUrl\":\"https:\\\/\\\/formationsubf.coop\\\/boutique\\\/wp-content\\\/uploads\\\/2025\\\/02\\\/61IvuRyYJ5L._SL1400_.jpg\",\"width\":1400,\"height\":1400,\"caption\":\"Version 1.0.0\"},{\"@type\":\"BreadcrumbList\",\"@id\":\"https:\\\/\\\/formationsubf.coop\\\/boutique\\\/product\\\/bouteille-500-ml-nacl-0-9\\\/#breadcrumb\",\"itemListElement\":[{\"@type\":\"ListItem\",\"position\":1,\"name\":\"Accueil\",\"item\":\"https:\\\/\\\/formationsubf.coop\\\/boutique\\\/\"},{\"@type\":\"ListItem\",\"position\":2,\"name\":\"Boutique\",\"item\":\"https:\\\/\\\/formationsubf.coop\\\/boutique\\\/produits\\\/\"},{\"@type\":\"ListItem\",\"position\":3,\"name\":\"Premiers Soins\",\"item\":\"https:\\\/\\\/formationsubf.coop\\\/boutique\\\/product-category\\\/premiers-soins\\\/\"},{\"@type\":\"ListItem\",\"position\":4,\"name\":\"Antiseptiques, nettoyants et soulagement de l'irritation cutan\u00e9e\",\"item\":\"https:\\\/\\\/formationsubf.coop\\\/boutique\\\/product-category\\\/premiers-soins\\\/antiseptiques-nettoyants-et-soulagement-de-lirritation-cutanee\\\/\"},{\"@type\":\"ListItem\",\"position\":5,\"name\":\"Bouteille 500 ml NACL 0.9%\"}]},{\"@type\":\"WebSite\",\"@id\":\"https:\\\/\\\/formationsubf.coop\\\/boutique\\\/#website\",\"url\":\"https:\\\/\\\/formationsubf.coop\\\/boutique\\\/\",\"name\":\"Formations UBF | Boutique\",\"description\":\"\",\"potentialAction\":[{\"@type\":\"SearchAction\",\"target\":{\"@type\":\"EntryPoint\",\"urlTemplate\":\"https:\\\/\\\/formationsubf.coop\\\/boutique\\\/?s={search_term_string}\"},\"query-input\":{\"@type\":\"PropertyValueSpecification\",\"valueRequired\":true,\"valueName\":\"search_term_string\"}}],\"inLanguage\":\"fr-FR\"}]}<\/script>\n<!-- \/ Yoast SEO plugin. -->","yoast_head_json":{"title":"Bouteille 500 ml NACL 0.9% - Formations UBF | Boutique","robots":{"index":"index","follow":"follow","max-snippet":"max-snippet:-1","max-image-preview":"max-image-preview:large","max-video-preview":"max-video-preview:-1"},"canonical":"https:\/\/formationsubf.coop\/boutique\/product\/bouteille-500-ml-nacl-0-9\/","og_locale":"fr_FR","og_type":"article","og_title":"Bouteille 500 ml NACL 0.9% - Formations UBF | Boutique","og_description":"Solution d\u2019irrigation au Chlorure de Sodium 0.9% 500 mL St\u00e9rilit\u00e9 garantie Concentration id\u00e9ale Polyvalence Facilit\u00e9 d\u2019utilisation &nbsp; ***Usage externe uniquement.***","og_url":"https:\/\/formationsubf.coop\/boutique\/product\/bouteille-500-ml-nacl-0-9\/","og_site_name":"Formations UBF | Boutique","article_publisher":"https:\/\/www.facebook.com\/ubfmaterielmedicaletorthopedique","article_modified_time":"2025-07-21T20:17:09+00:00","og_image":[{"width":1400,"height":1400,"url":"https:\/\/formationsubf.coop\/boutique\/wp-content\/uploads\/2025\/02\/61IvuRyYJ5L._SL1400_.jpg","type":"image\/jpeg"}],"twitter_card":"summary_large_image","twitter_misc":{"Dur\u00e9e de lecture estim\u00e9e":"1 minute"},"schema":{"@context":"https:\/\/schema.org","@graph":[{"@type":"WebPage","@id":"https:\/\/formationsubf.coop\/boutique\/product\/bouteille-500-ml-nacl-0-9\/","url":"https:\/\/formationsubf.coop\/boutique\/product\/bouteille-500-ml-nacl-0-9\/","name":"Bouteille 500 ml NACL 0.9% - Formations UBF | Boutique","isPartOf":{"@id":"https:\/\/formationsubf.coop\/boutique\/#website"},"primaryImageOfPage":{"@id":"https:\/\/formationsubf.coop\/boutique\/product\/bouteille-500-ml-nacl-0-9\/#primaryimage"},"image":{"@id":"https:\/\/formationsubf.coop\/boutique\/product\/bouteille-500-ml-nacl-0-9\/#primaryimage"},"thumbnailUrl":"https:\/\/formationsubf.coop\/boutique\/wp-content\/uploads\/2025\/02\/61IvuRyYJ5L._SL1400_.jpg","datePublished":"2025-02-13T03:01:45+00:00","dateModified":"2025-07-21T20:17:09+00:00","breadcrumb":{"@id":"https:\/\/formationsubf.coop\/boutique\/product\/bouteille-500-ml-nacl-0-9\/#breadcrumb"},"inLanguage":"fr-FR","potentialAction":[{"@type":"ReadAction","target":["https:\/\/formationsubf.coop\/boutique\/product\/bouteille-500-ml-nacl-0-9\/"]}]},{"@type":"ImageObject","inLanguage":"fr-FR","@id":"https:\/\/formationsubf.coop\/boutique\/product\/bouteille-500-ml-nacl-0-9\/#primaryimage","url":"https:\/\/formationsubf.coop\/boutique\/wp-content\/uploads\/2025\/02\/61IvuRyYJ5L._SL1400_.jpg","contentUrl":"https:\/\/formationsubf.coop\/boutique\/wp-content\/uploads\/2025\/02\/61IvuRyYJ5L._SL1400_.jpg","width":1400,"height":1400,"caption":"Version 1.0.0"},{"@type":"BreadcrumbList","@id":"https:\/\/formationsubf.coop\/boutique\/product\/bouteille-500-ml-nacl-0-9\/#breadcrumb","itemListElement":[{"@type":"ListItem","position":1,"name":"Accueil","item":"https:\/\/formationsubf.coop\/boutique\/"},{"@type":"ListItem","position":2,"name":"Boutique","item":"https:\/\/formationsubf.coop\/boutique\/produits\/"},{"@type":"ListItem","position":3,"name":"Premiers Soins","item":"https:\/\/formationsubf.coop\/boutique\/product-category\/premiers-soins\/"},{"@type":"ListItem","position":4,"name":"Antiseptiques, nettoyants et soulagement de l'irritation cutan\u00e9e","item":"https:\/\/formationsubf.coop\/boutique\/product-category\/premiers-soins\/antiseptiques-nettoyants-et-soulagement-de-lirritation-cutanee\/"},{"@type":"ListItem","position":5,"name":"Bouteille 500 ml NACL 0.9%"}]},{"@type":"WebSite","@id":"https:\/\/formationsubf.coop\/boutique\/#website","url":"https:\/\/formationsubf.coop\/boutique\/","name":"Formations UBF | Boutique","description":"","potentialAction":[{"@type":"SearchAction","target":{"@type":"EntryPoint","urlTemplate":"https:\/\/formationsubf.coop\/boutique\/?s={search_term_string}"},"query-input":{"@type":"PropertyValueSpecification","valueRequired":true,"valueName":"search_term_string"}}],"inLanguage":"fr-FR"}]}},"_links":{"self":[{"href":"https:\/\/formationsubf.coop\/boutique\/wp-json\/wp\/v2\/product\/5470","targetHints":{"allow":["GET"]}}],"collection":[{"href":"https:\/\/formationsubf.coop\/boutique\/wp-json\/wp\/v2\/product"}],"about":[{"href":"https:\/\/formationsubf.coop\/boutique\/wp-json\/wp\/v2\/types\/product"}],"replies":[{"embeddable":true,"href":"https:\/\/formationsubf.coop\/boutique\/wp-json\/wp\/v2\/comments?post=5470"}],"wp:featuredmedia":[{"embeddable":true,"href":"https:\/\/formationsubf.coop\/boutique\/wp-json\/wp\/v2\/media\/5928"}],"wp:attachment":[{"href":"https:\/\/formationsubf.coop\/boutique\/wp-json\/wp\/v2\/media?parent=5470"}],"wp:term":[{"taxonomy":"product_brand","embeddable":true,"href":"https:\/\/formationsubf.coop\/boutique\/wp-json\/wp\/v2\/product_brand?post=5470"},{"taxonomy":"product_cat","embeddable":true,"href":"https:\/\/formationsubf.coop\/boutique\/wp-json\/wp\/v2\/product_cat?post=5470"},{"taxonomy":"product_tag","embeddable":true,"href":"https:\/\/formationsubf.coop\/boutique\/wp-json\/wp\/v2\/product_tag?post=5470"}],"curies":[{"name":"wp","href":"https:\/\/api.w.org\/{rel}","templated":true}]}}