{"id":3120,"date":"2024-11-07T22:02:29","date_gmt":"2024-11-08T03:02:29","guid":{"rendered":"https:\/\/formationsubf.coop\/boutique\/?post_type=product&#038;p=3120"},"modified":"2026-02-04T10:11:19","modified_gmt":"2026-02-04T15:11:19","slug":"stethoscope-littmann-classic-iii-noir","status":"publish","type":"product","link":"https:\/\/formationsubf.coop\/boutique\/product\/stethoscope-littmann-classic-iii-noir\/","title":{"rendered":"St\u00e9thoscope Littmann Classic III noir"},"content":{"rendered":"<ul>\n<li class=\"sps2-pdp_details--highlights_item mds-font_paragraph\">Surveillez et \u00e9valuez un large \u00e9ventail de patients<\/li>\n<li class=\"sps2-pdp_details--highlights_item mds-font_paragraph\">La membrane r\u00e9glable monopi\u00e8ce est facile \u00e0 installer et encore plus facile \u00e0 nettoyer gr\u00e2ce \u00e0 sa surface lisse sans interstices<\/li>\n<li class=\"sps2-pdp_details--highlights_item mds-font_paragraph\">Le c\u00f4t\u00e9 pour les patients p\u00e9diatriques en cloche ouverte traditionnelle en rempla\u00e7ant la membrane monopi\u00e8ce par un rebord antifrissons<\/li>\n<li class=\"sps2-pdp_details--highlights_item mds-font_paragraph\">La tubulure de nouvelle g\u00e9n\u00e9ration prolonge la dur\u00e9e utile du st\u00e9thoscope gr\u00e2ce \u00e0 une r\u00e9sistance accrue aux huiles cutan\u00e9es et \u00e0 l\u2019alcool<\/li>\n<li class=\"sps2-pdp_details--highlights_item mds-font_paragraph\">Pavillon en acier inoxydable usin\u00e9 avec pr\u00e9cision en une forme esth\u00e9tique moins angulaire; le corps comporte un indicateur de cloche ouverte<\/li>\n<li class=\"sps2-pdp_details--highlights_item mds-font_paragraph\">La surface des embouts auriculaires \u00e0 fixation instantan\u00e9e est douce et lisse, ce qui procure un ajustement et une \u00e9tanch\u00e9it\u00e9 acoustique confortables<\/li>\n<\/ul>\n","protected":false},"excerpt":{"rendered":"<p>St\u00e9thoscope<\/p>\n","protected":false},"featured_media":3747,"comment_status":"open","ping_status":"closed","template":"","meta":[],"product_brand":[],"product_cat":[515,15],"product_tag":[],"class_list":{"0":"post-3120","1":"product","2":"type-product","3":"status-publish","4":"has-post-thumbnail","6":"product_cat-appareils-et-accessoires-de-diagnostic","7":"product_cat-uncategorized","8":"sync-code-w","10":"first","11":"outofstock","12":"taxable","13":"shipping-taxable","14":"purchasable","15":"product-type-simple"},"yoast_head":"<!-- This site is optimized with the Yoast SEO plugin v27.4 - https:\/\/yoast.com\/product\/yoast-seo-wordpress\/ -->\n<title>St\u00e9thoscope Littmann Classic III noir - Formations UBF | Boutique<\/title>\n<meta name=\"robots\" content=\"index, follow, max-snippet:-1, max-image-preview:large, max-video-preview:-1\" \/>\n<link rel=\"canonical\" href=\"https:\/\/formationsubf.coop\/boutique\/product\/stethoscope-littmann-classic-iii-noir\/\" \/>\n<meta property=\"og:locale\" content=\"fr_FR\" \/>\n<meta property=\"og:type\" content=\"article\" \/>\n<meta property=\"og:title\" content=\"St\u00e9thoscope Littmann Classic III noir - Formations UBF | Boutique\" \/>\n<meta property=\"og:description\" content=\"St\u00e9thoscope\" \/>\n<meta property=\"og:url\" content=\"https:\/\/formationsubf.coop\/boutique\/product\/stethoscope-littmann-classic-iii-noir\/\" \/>\n<meta property=\"og:site_name\" content=\"Formations UBF | Boutique\" \/>\n<meta property=\"article:publisher\" content=\"https:\/\/www.facebook.com\/ubfmaterielmedicaletorthopedique\" \/>\n<meta property=\"article:modified_time\" content=\"2026-02-04T15:11:19+00:00\" \/>\n<meta property=\"og:image\" content=\"https:\/\/formationsubf.coop\/boutique\/wp-content\/uploads\/2024\/11\/3M5620BL.jpg\" \/>\n\t<meta property=\"og:image:width\" content=\"485\" \/>\n\t<meta property=\"og:image:height\" content=\"556\" \/>\n\t<meta property=\"og:image:type\" content=\"image\/jpeg\" \/>\n<meta name=\"twitter:card\" content=\"summary_large_image\" \/>\n<meta name=\"twitter:label1\" content=\"Dur\u00e9e de lecture estim\u00e9e\" \/>\n\t<meta name=\"twitter:data1\" content=\"1 minute\" \/>\n<script type=\"application\/ld+json\" class=\"yoast-schema-graph\">{\"@context\":\"https:\\\/\\\/schema.org\",\"@graph\":[{\"@type\":\"WebPage\",\"@id\":\"https:\\\/\\\/formationsubf.coop\\\/boutique\\\/product\\\/stethoscope-littmann-classic-iii-noir\\\/\",\"url\":\"https:\\\/\\\/formationsubf.coop\\\/boutique\\\/product\\\/stethoscope-littmann-classic-iii-noir\\\/\",\"name\":\"St\u00e9thoscope Littmann Classic III noir - Formations UBF | Boutique\",\"isPartOf\":{\"@id\":\"https:\\\/\\\/formationsubf.coop\\\/boutique\\\/#website\"},\"primaryImageOfPage\":{\"@id\":\"https:\\\/\\\/formationsubf.coop\\\/boutique\\\/product\\\/stethoscope-littmann-classic-iii-noir\\\/#primaryimage\"},\"image\":{\"@id\":\"https:\\\/\\\/formationsubf.coop\\\/boutique\\\/product\\\/stethoscope-littmann-classic-iii-noir\\\/#primaryimage\"},\"thumbnailUrl\":\"https:\\\/\\\/formationsubf.coop\\\/boutique\\\/wp-content\\\/uploads\\\/2024\\\/11\\\/3M5620BL.jpg\",\"datePublished\":\"2024-11-08T03:02:29+00:00\",\"dateModified\":\"2026-02-04T15:11:19+00:00\",\"breadcrumb\":{\"@id\":\"https:\\\/\\\/formationsubf.coop\\\/boutique\\\/product\\\/stethoscope-littmann-classic-iii-noir\\\/#breadcrumb\"},\"inLanguage\":\"fr-FR\",\"potentialAction\":[{\"@type\":\"ReadAction\",\"target\":[\"https:\\\/\\\/formationsubf.coop\\\/boutique\\\/product\\\/stethoscope-littmann-classic-iii-noir\\\/\"]}]},{\"@type\":\"ImageObject\",\"inLanguage\":\"fr-FR\",\"@id\":\"https:\\\/\\\/formationsubf.coop\\\/boutique\\\/product\\\/stethoscope-littmann-classic-iii-noir\\\/#primaryimage\",\"url\":\"https:\\\/\\\/formationsubf.coop\\\/boutique\\\/wp-content\\\/uploads\\\/2024\\\/11\\\/3M5620BL.jpg\",\"contentUrl\":\"https:\\\/\\\/formationsubf.coop\\\/boutique\\\/wp-content\\\/uploads\\\/2024\\\/11\\\/3M5620BL.jpg\",\"width\":485,\"height\":556},{\"@type\":\"BreadcrumbList\",\"@id\":\"https:\\\/\\\/formationsubf.coop\\\/boutique\\\/product\\\/stethoscope-littmann-classic-iii-noir\\\/#breadcrumb\",\"itemListElement\":[{\"@type\":\"ListItem\",\"position\":1,\"name\":\"Accueil\",\"item\":\"https:\\\/\\\/formationsubf.coop\\\/boutique\\\/\"},{\"@type\":\"ListItem\",\"position\":2,\"name\":\"Boutique\",\"item\":\"https:\\\/\\\/formationsubf.coop\\\/boutique\\\/produits\\\/\"},{\"@type\":\"ListItem\",\"position\":3,\"name\":\"Premiers Soins\",\"item\":\"https:\\\/\\\/formationsubf.coop\\\/boutique\\\/product-category\\\/premiers-soins\\\/\"},{\"@type\":\"ListItem\",\"position\":4,\"name\":\"Appareils et accessoires de diagnostic\",\"item\":\"https:\\\/\\\/formationsubf.coop\\\/boutique\\\/product-category\\\/premiers-soins\\\/appareils-et-accessoires-de-diagnostic\\\/\"},{\"@type\":\"ListItem\",\"position\":5,\"name\":\"St\u00e9thoscope Littmann Classic III noir\"}]},{\"@type\":\"WebSite\",\"@id\":\"https:\\\/\\\/formationsubf.coop\\\/boutique\\\/#website\",\"url\":\"https:\\\/\\\/formationsubf.coop\\\/boutique\\\/\",\"name\":\"Formations UBF | Boutique\",\"description\":\"\",\"potentialAction\":[{\"@type\":\"SearchAction\",\"target\":{\"@type\":\"EntryPoint\",\"urlTemplate\":\"https:\\\/\\\/formationsubf.coop\\\/boutique\\\/?s={search_term_string}\"},\"query-input\":{\"@type\":\"PropertyValueSpecification\",\"valueRequired\":true,\"valueName\":\"search_term_string\"}}],\"inLanguage\":\"fr-FR\"}]}<\/script>\n<!-- \/ Yoast SEO plugin. -->","yoast_head_json":{"title":"St\u00e9thoscope Littmann Classic III noir - Formations UBF | Boutique","robots":{"index":"index","follow":"follow","max-snippet":"max-snippet:-1","max-image-preview":"max-image-preview:large","max-video-preview":"max-video-preview:-1"},"canonical":"https:\/\/formationsubf.coop\/boutique\/product\/stethoscope-littmann-classic-iii-noir\/","og_locale":"fr_FR","og_type":"article","og_title":"St\u00e9thoscope Littmann Classic III noir - Formations UBF | Boutique","og_description":"St\u00e9thoscope","og_url":"https:\/\/formationsubf.coop\/boutique\/product\/stethoscope-littmann-classic-iii-noir\/","og_site_name":"Formations UBF | Boutique","article_publisher":"https:\/\/www.facebook.com\/ubfmaterielmedicaletorthopedique","article_modified_time":"2026-02-04T15:11:19+00:00","og_image":[{"width":485,"height":556,"url":"https:\/\/formationsubf.coop\/boutique\/wp-content\/uploads\/2024\/11\/3M5620BL.jpg","type":"image\/jpeg"}],"twitter_card":"summary_large_image","twitter_misc":{"Dur\u00e9e de lecture estim\u00e9e":"1 minute"},"schema":{"@context":"https:\/\/schema.org","@graph":[{"@type":"WebPage","@id":"https:\/\/formationsubf.coop\/boutique\/product\/stethoscope-littmann-classic-iii-noir\/","url":"https:\/\/formationsubf.coop\/boutique\/product\/stethoscope-littmann-classic-iii-noir\/","name":"St\u00e9thoscope Littmann Classic III noir - Formations UBF | Boutique","isPartOf":{"@id":"https:\/\/formationsubf.coop\/boutique\/#website"},"primaryImageOfPage":{"@id":"https:\/\/formationsubf.coop\/boutique\/product\/stethoscope-littmann-classic-iii-noir\/#primaryimage"},"image":{"@id":"https:\/\/formationsubf.coop\/boutique\/product\/stethoscope-littmann-classic-iii-noir\/#primaryimage"},"thumbnailUrl":"https:\/\/formationsubf.coop\/boutique\/wp-content\/uploads\/2024\/11\/3M5620BL.jpg","datePublished":"2024-11-08T03:02:29+00:00","dateModified":"2026-02-04T15:11:19+00:00","breadcrumb":{"@id":"https:\/\/formationsubf.coop\/boutique\/product\/stethoscope-littmann-classic-iii-noir\/#breadcrumb"},"inLanguage":"fr-FR","potentialAction":[{"@type":"ReadAction","target":["https:\/\/formationsubf.coop\/boutique\/product\/stethoscope-littmann-classic-iii-noir\/"]}]},{"@type":"ImageObject","inLanguage":"fr-FR","@id":"https:\/\/formationsubf.coop\/boutique\/product\/stethoscope-littmann-classic-iii-noir\/#primaryimage","url":"https:\/\/formationsubf.coop\/boutique\/wp-content\/uploads\/2024\/11\/3M5620BL.jpg","contentUrl":"https:\/\/formationsubf.coop\/boutique\/wp-content\/uploads\/2024\/11\/3M5620BL.jpg","width":485,"height":556},{"@type":"BreadcrumbList","@id":"https:\/\/formationsubf.coop\/boutique\/product\/stethoscope-littmann-classic-iii-noir\/#breadcrumb","itemListElement":[{"@type":"ListItem","position":1,"name":"Accueil","item":"https:\/\/formationsubf.coop\/boutique\/"},{"@type":"ListItem","position":2,"name":"Boutique","item":"https:\/\/formationsubf.coop\/boutique\/produits\/"},{"@type":"ListItem","position":3,"name":"Premiers Soins","item":"https:\/\/formationsubf.coop\/boutique\/product-category\/premiers-soins\/"},{"@type":"ListItem","position":4,"name":"Appareils et accessoires de diagnostic","item":"https:\/\/formationsubf.coop\/boutique\/product-category\/premiers-soins\/appareils-et-accessoires-de-diagnostic\/"},{"@type":"ListItem","position":5,"name":"St\u00e9thoscope Littmann Classic III noir"}]},{"@type":"WebSite","@id":"https:\/\/formationsubf.coop\/boutique\/#website","url":"https:\/\/formationsubf.coop\/boutique\/","name":"Formations UBF | Boutique","description":"","potentialAction":[{"@type":"SearchAction","target":{"@type":"EntryPoint","urlTemplate":"https:\/\/formationsubf.coop\/boutique\/?s={search_term_string}"},"query-input":{"@type":"PropertyValueSpecification","valueRequired":true,"valueName":"search_term_string"}}],"inLanguage":"fr-FR"}]}},"_links":{"self":[{"href":"https:\/\/formationsubf.coop\/boutique\/wp-json\/wp\/v2\/product\/3120","targetHints":{"allow":["GET"]}}],"collection":[{"href":"https:\/\/formationsubf.coop\/boutique\/wp-json\/wp\/v2\/product"}],"about":[{"href":"https:\/\/formationsubf.coop\/boutique\/wp-json\/wp\/v2\/types\/product"}],"replies":[{"embeddable":true,"href":"https:\/\/formationsubf.coop\/boutique\/wp-json\/wp\/v2\/comments?post=3120"}],"wp:featuredmedia":[{"embeddable":true,"href":"https:\/\/formationsubf.coop\/boutique\/wp-json\/wp\/v2\/media\/3747"}],"wp:attachment":[{"href":"https:\/\/formationsubf.coop\/boutique\/wp-json\/wp\/v2\/media?parent=3120"}],"wp:term":[{"taxonomy":"product_brand","embeddable":true,"href":"https:\/\/formationsubf.coop\/boutique\/wp-json\/wp\/v2\/product_brand?post=3120"},{"taxonomy":"product_cat","embeddable":true,"href":"https:\/\/formationsubf.coop\/boutique\/wp-json\/wp\/v2\/product_cat?post=3120"},{"taxonomy":"product_tag","embeddable":true,"href":"https:\/\/formationsubf.coop\/boutique\/wp-json\/wp\/v2\/product_tag?post=3120"}],"curies":[{"name":"wp","href":"https:\/\/api.w.org\/{rel}","templated":true}]}}