{"id":2601,"date":"2020-05-14T09:35:24","date_gmt":"2020-05-14T13:35:24","guid":{"rendered":"http:\/\/orthoubf.coop\/?post_type=product&#038;p=2601"},"modified":"2024-03-29T16:07:25","modified_gmt":"2024-03-29T20:07:25","slug":"bandage-de-support-elastique-tubulaire-d-surgigrip","status":"publish","type":"product","link":"https:\/\/formationsubf.coop\/boutique\/product\/bandage-de-support-elastique-tubulaire-d-surgigrip\/","title":{"rendered":"SURGIGRIP (D) 7.6 CM X 10 M."},"content":{"rendered":"<p>Le bandage \u00e9lastique tubulaire de soutien et de compression pour le traitement des entorses, des foulures, des blessures sportives et des blessures des tissus mous. Peut \u00eatre appliqu\u00e9 avec des applicateurs tubulaires sur les zones sensibles ou sensibles, ou en tirant le mat\u00e9riau sur la zone appliqu\u00e9e. Convient pour la gestion de l&rsquo;\u0153d\u00e8me (gonflement), ainsi que le support post-casting.<\/p>\n","protected":false},"excerpt":{"rendered":"<ul>\n<li><strong>Pour une utilisation sur de grands bras ou jambes.<\/strong><\/li>\n<li>En tricot de coton doux entrelac\u00e9 de fils \u00e9lastiques.<\/li>\n<li>Sans latex.<\/li>\n<li>Emball\u00e9 dans une bo\u00eete distributrice pratique.<\/li>\n<li>Le rouleau mesure 10 m de long.<\/li>\n<\/ul>\n","protected":false},"featured_media":2605,"comment_status":"closed","ping_status":"closed","template":"","meta":[],"product_brand":[],"product_cat":[846,413],"product_tag":[1236,965,1235,863],"class_list":{"0":"post-2601","1":"product","2":"type-product","3":"status-publish","4":"has-post-thumbnail","6":"product_cat-bandages-elastiques-de-compression-et-accessoires-tubulaires","7":"product_cat-premiers-soins","8":"product_tag-bandage-de-support","9":"product_tag-elastique","10":"product_tag-surgigrip","11":"product_tag-tubulaire","12":"sync-code-w","14":"first","15":"instock","16":"taxable","17":"shipping-taxable","18":"purchasable","19":"product-type-simple"},"yoast_head":"<!-- This site is optimized with the Yoast SEO plugin v27.4 - https:\/\/yoast.com\/product\/yoast-seo-wordpress\/ -->\n<title>SURGIGRIP (D) 7.6 CM X 10 M. - Formations UBF | Boutique<\/title>\n<meta name=\"description\" content=\"Le bandage \u00e9lastique tubulaire de soutien et de compression pour le traitement des entorses, des foulures, des blessures sportives et des blessures des tissus mous.\" \/>\n<meta name=\"robots\" content=\"index, follow, max-snippet:-1, max-image-preview:large, max-video-preview:-1\" \/>\n<link rel=\"canonical\" href=\"https:\/\/formationsubf.coop\/boutique\/product\/bandage-de-support-elastique-tubulaire-d-surgigrip\/\" \/>\n<meta property=\"og:locale\" content=\"fr_FR\" \/>\n<meta property=\"og:type\" content=\"article\" \/>\n<meta property=\"og:title\" content=\"SURGIGRIP (D) 7.6 CM X 10 M. - Formations UBF | Boutique\" \/>\n<meta property=\"og:description\" content=\"Le bandage \u00e9lastique tubulaire de soutien et de compression pour le traitement des entorses, des foulures, des blessures sportives et des blessures des tissus mous.\" \/>\n<meta property=\"og:url\" content=\"https:\/\/formationsubf.coop\/boutique\/product\/bandage-de-support-elastique-tubulaire-d-surgigrip\/\" \/>\n<meta property=\"og:site_name\" content=\"Formations UBF | Boutique\" \/>\n<meta property=\"article:publisher\" content=\"https:\/\/www.facebook.com\/ubfmaterielmedicaletorthopedique\" \/>\n<meta property=\"article:modified_time\" content=\"2024-03-29T20:07:25+00:00\" \/>\n<meta property=\"og:image\" content=\"https:\/\/formationsubf.coop\/boutique\/wp-content\/uploads\/2020\/05\/31258-SURGIGRIP-D-7.6-CM-X-10-M-e1589463680560.jpg\" \/>\n\t<meta property=\"og:image:width\" content=\"500\" \/>\n\t<meta property=\"og:image:height\" content=\"499\" \/>\n\t<meta property=\"og:image:type\" content=\"image\/jpeg\" \/>\n<meta name=\"twitter:card\" content=\"summary_large_image\" \/>\n<script type=\"application\/ld+json\" class=\"yoast-schema-graph\">{\"@context\":\"https:\\\/\\\/schema.org\",\"@graph\":[{\"@type\":\"WebPage\",\"@id\":\"https:\\\/\\\/formationsubf.coop\\\/boutique\\\/product\\\/bandage-de-support-elastique-tubulaire-d-surgigrip\\\/\",\"url\":\"https:\\\/\\\/formationsubf.coop\\\/boutique\\\/product\\\/bandage-de-support-elastique-tubulaire-d-surgigrip\\\/\",\"name\":\"SURGIGRIP (D) 7.6 CM X 10 M. - Formations UBF | Boutique\",\"isPartOf\":{\"@id\":\"https:\\\/\\\/formationsubf.coop\\\/boutique\\\/#website\"},\"primaryImageOfPage\":{\"@id\":\"https:\\\/\\\/formationsubf.coop\\\/boutique\\\/product\\\/bandage-de-support-elastique-tubulaire-d-surgigrip\\\/#primaryimage\"},\"image\":{\"@id\":\"https:\\\/\\\/formationsubf.coop\\\/boutique\\\/product\\\/bandage-de-support-elastique-tubulaire-d-surgigrip\\\/#primaryimage\"},\"thumbnailUrl\":\"https:\\\/\\\/formationsubf.coop\\\/boutique\\\/wp-content\\\/uploads\\\/2020\\\/05\\\/31258-SURGIGRIP-D-7.6-CM-X-10-M-e1589463680560.jpg\",\"datePublished\":\"2020-05-14T13:35:24+00:00\",\"dateModified\":\"2024-03-29T20:07:25+00:00\",\"description\":\"Le bandage \u00e9lastique tubulaire de soutien et de compression pour le traitement des entorses, des foulures, des blessures sportives et des blessures des tissus mous.\",\"breadcrumb\":{\"@id\":\"https:\\\/\\\/formationsubf.coop\\\/boutique\\\/product\\\/bandage-de-support-elastique-tubulaire-d-surgigrip\\\/#breadcrumb\"},\"inLanguage\":\"fr-FR\",\"potentialAction\":[{\"@type\":\"ReadAction\",\"target\":[\"https:\\\/\\\/formationsubf.coop\\\/boutique\\\/product\\\/bandage-de-support-elastique-tubulaire-d-surgigrip\\\/\"]}]},{\"@type\":\"ImageObject\",\"inLanguage\":\"fr-FR\",\"@id\":\"https:\\\/\\\/formationsubf.coop\\\/boutique\\\/product\\\/bandage-de-support-elastique-tubulaire-d-surgigrip\\\/#primaryimage\",\"url\":\"https:\\\/\\\/formationsubf.coop\\\/boutique\\\/wp-content\\\/uploads\\\/2020\\\/05\\\/31258-SURGIGRIP-D-7.6-CM-X-10-M-e1589463680560.jpg\",\"contentUrl\":\"https:\\\/\\\/formationsubf.coop\\\/boutique\\\/wp-content\\\/uploads\\\/2020\\\/05\\\/31258-SURGIGRIP-D-7.6-CM-X-10-M-e1589463680560.jpg\",\"width\":500,\"height\":499,\"caption\":\"Bandage de support \u00e9lastique tubulaire (D) pour une utilisation sur de grands bras ou jambes\"},{\"@type\":\"BreadcrumbList\",\"@id\":\"https:\\\/\\\/formationsubf.coop\\\/boutique\\\/product\\\/bandage-de-support-elastique-tubulaire-d-surgigrip\\\/#breadcrumb\",\"itemListElement\":[{\"@type\":\"ListItem\",\"position\":1,\"name\":\"Accueil\",\"item\":\"https:\\\/\\\/formationsubf.coop\\\/boutique\\\/\"},{\"@type\":\"ListItem\",\"position\":2,\"name\":\"Boutique\",\"item\":\"https:\\\/\\\/formationsubf.coop\\\/boutique\\\/produits\\\/\"},{\"@type\":\"ListItem\",\"position\":3,\"name\":\"Premiers Soins\",\"item\":\"https:\\\/\\\/formationsubf.coop\\\/boutique\\\/product-category\\\/premiers-soins\\\/\"},{\"@type\":\"ListItem\",\"position\":4,\"name\":\"Bandages \u00e9lastiques - de compression et accessoires tubulaires\",\"item\":\"https:\\\/\\\/formationsubf.coop\\\/boutique\\\/product-category\\\/premiers-soins\\\/bandages-elastiques-de-compression-et-accessoires-tubulaires\\\/\"},{\"@type\":\"ListItem\",\"position\":5,\"name\":\"SURGIGRIP (D) 7.6 CM X 10 M.\"}]},{\"@type\":\"WebSite\",\"@id\":\"https:\\\/\\\/formationsubf.coop\\\/boutique\\\/#website\",\"url\":\"https:\\\/\\\/formationsubf.coop\\\/boutique\\\/\",\"name\":\"Formations UBF | Boutique\",\"description\":\"\",\"potentialAction\":[{\"@type\":\"SearchAction\",\"target\":{\"@type\":\"EntryPoint\",\"urlTemplate\":\"https:\\\/\\\/formationsubf.coop\\\/boutique\\\/?s={search_term_string}\"},\"query-input\":{\"@type\":\"PropertyValueSpecification\",\"valueRequired\":true,\"valueName\":\"search_term_string\"}}],\"inLanguage\":\"fr-FR\"}]}<\/script>\n<!-- \/ Yoast SEO plugin. -->","yoast_head_json":{"title":"SURGIGRIP (D) 7.6 CM X 10 M. - Formations UBF | Boutique","description":"Le bandage \u00e9lastique tubulaire de soutien et de compression pour le traitement des entorses, des foulures, des blessures sportives et des blessures des tissus mous.","robots":{"index":"index","follow":"follow","max-snippet":"max-snippet:-1","max-image-preview":"max-image-preview:large","max-video-preview":"max-video-preview:-1"},"canonical":"https:\/\/formationsubf.coop\/boutique\/product\/bandage-de-support-elastique-tubulaire-d-surgigrip\/","og_locale":"fr_FR","og_type":"article","og_title":"SURGIGRIP (D) 7.6 CM X 10 M. - Formations UBF | Boutique","og_description":"Le bandage \u00e9lastique tubulaire de soutien et de compression pour le traitement des entorses, des foulures, des blessures sportives et des blessures des tissus mous.","og_url":"https:\/\/formationsubf.coop\/boutique\/product\/bandage-de-support-elastique-tubulaire-d-surgigrip\/","og_site_name":"Formations UBF | Boutique","article_publisher":"https:\/\/www.facebook.com\/ubfmaterielmedicaletorthopedique","article_modified_time":"2024-03-29T20:07:25+00:00","og_image":[{"width":500,"height":499,"url":"https:\/\/formationsubf.coop\/boutique\/wp-content\/uploads\/2020\/05\/31258-SURGIGRIP-D-7.6-CM-X-10-M-e1589463680560.jpg","type":"image\/jpeg"}],"twitter_card":"summary_large_image","schema":{"@context":"https:\/\/schema.org","@graph":[{"@type":"WebPage","@id":"https:\/\/formationsubf.coop\/boutique\/product\/bandage-de-support-elastique-tubulaire-d-surgigrip\/","url":"https:\/\/formationsubf.coop\/boutique\/product\/bandage-de-support-elastique-tubulaire-d-surgigrip\/","name":"SURGIGRIP (D) 7.6 CM X 10 M. - Formations UBF | Boutique","isPartOf":{"@id":"https:\/\/formationsubf.coop\/boutique\/#website"},"primaryImageOfPage":{"@id":"https:\/\/formationsubf.coop\/boutique\/product\/bandage-de-support-elastique-tubulaire-d-surgigrip\/#primaryimage"},"image":{"@id":"https:\/\/formationsubf.coop\/boutique\/product\/bandage-de-support-elastique-tubulaire-d-surgigrip\/#primaryimage"},"thumbnailUrl":"https:\/\/formationsubf.coop\/boutique\/wp-content\/uploads\/2020\/05\/31258-SURGIGRIP-D-7.6-CM-X-10-M-e1589463680560.jpg","datePublished":"2020-05-14T13:35:24+00:00","dateModified":"2024-03-29T20:07:25+00:00","description":"Le bandage \u00e9lastique tubulaire de soutien et de compression pour le traitement des entorses, des foulures, des blessures sportives et des blessures des tissus mous.","breadcrumb":{"@id":"https:\/\/formationsubf.coop\/boutique\/product\/bandage-de-support-elastique-tubulaire-d-surgigrip\/#breadcrumb"},"inLanguage":"fr-FR","potentialAction":[{"@type":"ReadAction","target":["https:\/\/formationsubf.coop\/boutique\/product\/bandage-de-support-elastique-tubulaire-d-surgigrip\/"]}]},{"@type":"ImageObject","inLanguage":"fr-FR","@id":"https:\/\/formationsubf.coop\/boutique\/product\/bandage-de-support-elastique-tubulaire-d-surgigrip\/#primaryimage","url":"https:\/\/formationsubf.coop\/boutique\/wp-content\/uploads\/2020\/05\/31258-SURGIGRIP-D-7.6-CM-X-10-M-e1589463680560.jpg","contentUrl":"https:\/\/formationsubf.coop\/boutique\/wp-content\/uploads\/2020\/05\/31258-SURGIGRIP-D-7.6-CM-X-10-M-e1589463680560.jpg","width":500,"height":499,"caption":"Bandage de support \u00e9lastique tubulaire (D) pour une utilisation sur de grands bras ou jambes"},{"@type":"BreadcrumbList","@id":"https:\/\/formationsubf.coop\/boutique\/product\/bandage-de-support-elastique-tubulaire-d-surgigrip\/#breadcrumb","itemListElement":[{"@type":"ListItem","position":1,"name":"Accueil","item":"https:\/\/formationsubf.coop\/boutique\/"},{"@type":"ListItem","position":2,"name":"Boutique","item":"https:\/\/formationsubf.coop\/boutique\/produits\/"},{"@type":"ListItem","position":3,"name":"Premiers Soins","item":"https:\/\/formationsubf.coop\/boutique\/product-category\/premiers-soins\/"},{"@type":"ListItem","position":4,"name":"Bandages \u00e9lastiques - de compression et accessoires tubulaires","item":"https:\/\/formationsubf.coop\/boutique\/product-category\/premiers-soins\/bandages-elastiques-de-compression-et-accessoires-tubulaires\/"},{"@type":"ListItem","position":5,"name":"SURGIGRIP (D) 7.6 CM X 10 M."}]},{"@type":"WebSite","@id":"https:\/\/formationsubf.coop\/boutique\/#website","url":"https:\/\/formationsubf.coop\/boutique\/","name":"Formations UBF | Boutique","description":"","potentialAction":[{"@type":"SearchAction","target":{"@type":"EntryPoint","urlTemplate":"https:\/\/formationsubf.coop\/boutique\/?s={search_term_string}"},"query-input":{"@type":"PropertyValueSpecification","valueRequired":true,"valueName":"search_term_string"}}],"inLanguage":"fr-FR"}]}},"_links":{"self":[{"href":"https:\/\/formationsubf.coop\/boutique\/wp-json\/wp\/v2\/product\/2601","targetHints":{"allow":["GET"]}}],"collection":[{"href":"https:\/\/formationsubf.coop\/boutique\/wp-json\/wp\/v2\/product"}],"about":[{"href":"https:\/\/formationsubf.coop\/boutique\/wp-json\/wp\/v2\/types\/product"}],"replies":[{"embeddable":true,"href":"https:\/\/formationsubf.coop\/boutique\/wp-json\/wp\/v2\/comments?post=2601"}],"wp:featuredmedia":[{"embeddable":true,"href":"https:\/\/formationsubf.coop\/boutique\/wp-json\/wp\/v2\/media\/2605"}],"wp:attachment":[{"href":"https:\/\/formationsubf.coop\/boutique\/wp-json\/wp\/v2\/media?parent=2601"}],"wp:term":[{"taxonomy":"product_brand","embeddable":true,"href":"https:\/\/formationsubf.coop\/boutique\/wp-json\/wp\/v2\/product_brand?post=2601"},{"taxonomy":"product_cat","embeddable":true,"href":"https:\/\/formationsubf.coop\/boutique\/wp-json\/wp\/v2\/product_cat?post=2601"},{"taxonomy":"product_tag","embeddable":true,"href":"https:\/\/formationsubf.coop\/boutique\/wp-json\/wp\/v2\/product_tag?post=2601"}],"curies":[{"name":"wp","href":"https:\/\/api.w.org\/{rel}","templated":true}]}}