{"id":1828,"date":"2020-04-27T15:21:55","date_gmt":"2020-04-27T19:21:55","guid":{"rendered":"http:\/\/orthoubf.coop\/?post_type=product&#038;p=1828"},"modified":"2024-10-23T15:18:23","modified_gmt":"2024-10-23T19:18:23","slug":"bandage-elastique-de-soutien-2-po-safe-cross","status":"publish","type":"product","link":"https:\/\/formationsubf.coop\/boutique\/product\/bandage-elastique-de-soutien-2-po-safe-cross\/","title":{"rendered":"ELASTIC SUPPORT COMP.BAND.5.1 CM X 1.7 M."},"content":{"rendered":"<div>Le bandage r\u00e9utilisable, l\u00e9ger et sans effilochage offre une tension, un soutien ferme et une compression pour favoriser une bonne gu\u00e9rison des entorses et des foulures. Pour une utilisation sur les poignets ou les pieds. Les utilisations suppl\u00e9mentaires incluent: le support post-casting; r\u00e9tention du pansement; contr\u00f4le de l&rsquo;enflure; et pr\u00e9vention des \u00e9raflures et des ecchymoses<\/div>\n<div><\/div>\n","protected":false},"excerpt":{"rendered":"<ul>\n<li>Fabriqu\u00e9 en 50% polyester \/ 30% acrylique \/ 20% caoutchouc.<\/li>\n<li>Complet avec clips de fixation en m\u00e9tal.<\/li>\n<li>Emball\u00e9s individuellement.<\/li>\n<li>Le rouleau mesure 4,5 m de long lorsqu&rsquo;il est \u00e9tir\u00e9.<\/li>\n<\/ul>\n<div><\/div>\n","protected":false},"featured_media":1829,"comment_status":"closed","ping_status":"closed","template":"","meta":[],"product_brand":[],"product_cat":[846,413],"product_tag":[607,843,856,442],"class_list":{"0":"post-1828","1":"product","2":"type-product","3":"status-publish","4":"has-post-thumbnail","6":"product_cat-bandages-elastiques-de-compression-et-accessoires-tubulaires","7":"product_cat-premiers-soins","8":"product_tag-2-po","9":"product_tag-bandage-elastique","10":"product_tag-de-soutien","11":"product_tag-safe-cross","13":"first","14":"outofstock","15":"taxable","16":"shipping-taxable","17":"purchasable","18":"product-type-simple"},"yoast_head":"<!-- This site is optimized with the Yoast SEO plugin v27.6 - https:\/\/yoast.com\/product\/yoast-seo-wordpress\/ -->\n<title>ELASTIC SUPPORT COMP.BAND.5.1 CM X 1.7 M. - Formations UBF | Boutique<\/title>\n<meta name=\"description\" content=\"Bandage r\u00e9utilisable, l\u00e9ger et sans effilochage offre un soutien ferme et une compression pour favoriser une bonne gu\u00e9rison des entorses et des foulures.\" \/>\n<meta name=\"robots\" content=\"index, follow, max-snippet:-1, max-image-preview:large, max-video-preview:-1\" \/>\n<link rel=\"canonical\" href=\"https:\/\/formationsubf.coop\/boutique\/product\/bandage-elastique-de-soutien-2-po-safe-cross\/\" \/>\n<meta property=\"og:locale\" content=\"fr_FR\" \/>\n<meta property=\"og:type\" content=\"article\" \/>\n<meta property=\"og:title\" content=\"ELASTIC SUPPORT COMP.BAND.5.1 CM X 1.7 M. - Formations UBF | Boutique\" \/>\n<meta property=\"og:description\" content=\"Bandage r\u00e9utilisable, l\u00e9ger et sans effilochage offre un soutien ferme et une compression pour favoriser une bonne gu\u00e9rison des entorses et des foulures.\" \/>\n<meta property=\"og:url\" content=\"https:\/\/formationsubf.coop\/boutique\/product\/bandage-elastique-de-soutien-2-po-safe-cross\/\" \/>\n<meta property=\"og:site_name\" content=\"Formations UBF | Boutique\" \/>\n<meta property=\"article:publisher\" content=\"https:\/\/www.facebook.com\/ubfmaterielmedicaletorthopedique\" \/>\n<meta property=\"article:modified_time\" content=\"2024-10-23T19:18:23+00:00\" \/>\n<meta property=\"og:image\" content=\"https:\/\/formationsubf.coop\/boutique\/wp-content\/uploads\/2020\/04\/8048-ELASTIC-SUPPORT-COMP.BAND_.5.1-CM-X-1.7-e1588015219314.jpg\" \/>\n\t<meta property=\"og:image:width\" content=\"500\" \/>\n\t<meta property=\"og:image:height\" content=\"499\" \/>\n\t<meta property=\"og:image:type\" content=\"image\/jpeg\" \/>\n<meta name=\"twitter:card\" content=\"summary_large_image\" \/>\n<script type=\"application\/ld+json\" class=\"yoast-schema-graph\">{\"@context\":\"https:\\\/\\\/schema.org\",\"@graph\":[{\"@type\":\"WebPage\",\"@id\":\"https:\\\/\\\/formationsubf.coop\\\/boutique\\\/product\\\/bandage-elastique-de-soutien-2-po-safe-cross\\\/\",\"url\":\"https:\\\/\\\/formationsubf.coop\\\/boutique\\\/product\\\/bandage-elastique-de-soutien-2-po-safe-cross\\\/\",\"name\":\"ELASTIC SUPPORT COMP.BAND.5.1 CM X 1.7 M. - Formations UBF | Boutique\",\"isPartOf\":{\"@id\":\"https:\\\/\\\/formationsubf.coop\\\/boutique\\\/#website\"},\"primaryImageOfPage\":{\"@id\":\"https:\\\/\\\/formationsubf.coop\\\/boutique\\\/product\\\/bandage-elastique-de-soutien-2-po-safe-cross\\\/#primaryimage\"},\"image\":{\"@id\":\"https:\\\/\\\/formationsubf.coop\\\/boutique\\\/product\\\/bandage-elastique-de-soutien-2-po-safe-cross\\\/#primaryimage\"},\"thumbnailUrl\":\"https:\\\/\\\/formationsubf.coop\\\/boutique\\\/wp-content\\\/uploads\\\/2020\\\/04\\\/8048-ELASTIC-SUPPORT-COMP.BAND_.5.1-CM-X-1.7-e1588015219314.jpg\",\"datePublished\":\"2020-04-27T19:21:55+00:00\",\"dateModified\":\"2024-10-23T19:18:23+00:00\",\"description\":\"Bandage r\u00e9utilisable, l\u00e9ger et sans effilochage offre un soutien ferme et une compression pour favoriser une bonne gu\u00e9rison des entorses et des foulures.\",\"breadcrumb\":{\"@id\":\"https:\\\/\\\/formationsubf.coop\\\/boutique\\\/product\\\/bandage-elastique-de-soutien-2-po-safe-cross\\\/#breadcrumb\"},\"inLanguage\":\"fr-FR\",\"potentialAction\":[{\"@type\":\"ReadAction\",\"target\":[\"https:\\\/\\\/formationsubf.coop\\\/boutique\\\/product\\\/bandage-elastique-de-soutien-2-po-safe-cross\\\/\"]}]},{\"@type\":\"ImageObject\",\"inLanguage\":\"fr-FR\",\"@id\":\"https:\\\/\\\/formationsubf.coop\\\/boutique\\\/product\\\/bandage-elastique-de-soutien-2-po-safe-cross\\\/#primaryimage\",\"url\":\"https:\\\/\\\/formationsubf.coop\\\/boutique\\\/wp-content\\\/uploads\\\/2020\\\/04\\\/8048-ELASTIC-SUPPORT-COMP.BAND_.5.1-CM-X-1.7-e1588015219314.jpg\",\"contentUrl\":\"https:\\\/\\\/formationsubf.coop\\\/boutique\\\/wp-content\\\/uploads\\\/2020\\\/04\\\/8048-ELASTIC-SUPPORT-COMP.BAND_.5.1-CM-X-1.7-e1588015219314.jpg\",\"width\":500,\"height\":499,\"caption\":\"Bandage \u00e9lastique de soutien 2 po | Safe Cross\"},{\"@type\":\"BreadcrumbList\",\"@id\":\"https:\\\/\\\/formationsubf.coop\\\/boutique\\\/product\\\/bandage-elastique-de-soutien-2-po-safe-cross\\\/#breadcrumb\",\"itemListElement\":[{\"@type\":\"ListItem\",\"position\":1,\"name\":\"Accueil\",\"item\":\"https:\\\/\\\/formationsubf.coop\\\/boutique\\\/\"},{\"@type\":\"ListItem\",\"position\":2,\"name\":\"Boutique\",\"item\":\"https:\\\/\\\/formationsubf.coop\\\/boutique\\\/produits\\\/\"},{\"@type\":\"ListItem\",\"position\":3,\"name\":\"Premiers Soins\",\"item\":\"https:\\\/\\\/formationsubf.coop\\\/boutique\\\/product-category\\\/premiers-soins\\\/\"},{\"@type\":\"ListItem\",\"position\":4,\"name\":\"Bandages \u00e9lastiques - de compression et accessoires tubulaires\",\"item\":\"https:\\\/\\\/formationsubf.coop\\\/boutique\\\/product-category\\\/premiers-soins\\\/bandages-elastiques-de-compression-et-accessoires-tubulaires\\\/\"},{\"@type\":\"ListItem\",\"position\":5,\"name\":\"ELASTIC SUPPORT COMP.BAND.5.1 CM X 1.7 M.\"}]},{\"@type\":\"WebSite\",\"@id\":\"https:\\\/\\\/formationsubf.coop\\\/boutique\\\/#website\",\"url\":\"https:\\\/\\\/formationsubf.coop\\\/boutique\\\/\",\"name\":\"Formations UBF | Boutique\",\"description\":\"\",\"potentialAction\":[{\"@type\":\"SearchAction\",\"target\":{\"@type\":\"EntryPoint\",\"urlTemplate\":\"https:\\\/\\\/formationsubf.coop\\\/boutique\\\/?s={search_term_string}\"},\"query-input\":{\"@type\":\"PropertyValueSpecification\",\"valueRequired\":true,\"valueName\":\"search_term_string\"}}],\"inLanguage\":\"fr-FR\"}]}<\/script>\n<!-- \/ Yoast SEO plugin. -->","yoast_head_json":{"title":"ELASTIC SUPPORT COMP.BAND.5.1 CM X 1.7 M. - Formations UBF | Boutique","description":"Bandage r\u00e9utilisable, l\u00e9ger et sans effilochage offre un soutien ferme et une compression pour favoriser une bonne gu\u00e9rison des entorses et des foulures.","robots":{"index":"index","follow":"follow","max-snippet":"max-snippet:-1","max-image-preview":"max-image-preview:large","max-video-preview":"max-video-preview:-1"},"canonical":"https:\/\/formationsubf.coop\/boutique\/product\/bandage-elastique-de-soutien-2-po-safe-cross\/","og_locale":"fr_FR","og_type":"article","og_title":"ELASTIC SUPPORT COMP.BAND.5.1 CM X 1.7 M. - Formations UBF | Boutique","og_description":"Bandage r\u00e9utilisable, l\u00e9ger et sans effilochage offre un soutien ferme et une compression pour favoriser une bonne gu\u00e9rison des entorses et des foulures.","og_url":"https:\/\/formationsubf.coop\/boutique\/product\/bandage-elastique-de-soutien-2-po-safe-cross\/","og_site_name":"Formations UBF | Boutique","article_publisher":"https:\/\/www.facebook.com\/ubfmaterielmedicaletorthopedique","article_modified_time":"2024-10-23T19:18:23+00:00","og_image":[{"width":500,"height":499,"url":"https:\/\/formationsubf.coop\/boutique\/wp-content\/uploads\/2020\/04\/8048-ELASTIC-SUPPORT-COMP.BAND_.5.1-CM-X-1.7-e1588015219314.jpg","type":"image\/jpeg"}],"twitter_card":"summary_large_image","schema":{"@context":"https:\/\/schema.org","@graph":[{"@type":"WebPage","@id":"https:\/\/formationsubf.coop\/boutique\/product\/bandage-elastique-de-soutien-2-po-safe-cross\/","url":"https:\/\/formationsubf.coop\/boutique\/product\/bandage-elastique-de-soutien-2-po-safe-cross\/","name":"ELASTIC SUPPORT COMP.BAND.5.1 CM X 1.7 M. - Formations UBF | Boutique","isPartOf":{"@id":"https:\/\/formationsubf.coop\/boutique\/#website"},"primaryImageOfPage":{"@id":"https:\/\/formationsubf.coop\/boutique\/product\/bandage-elastique-de-soutien-2-po-safe-cross\/#primaryimage"},"image":{"@id":"https:\/\/formationsubf.coop\/boutique\/product\/bandage-elastique-de-soutien-2-po-safe-cross\/#primaryimage"},"thumbnailUrl":"https:\/\/formationsubf.coop\/boutique\/wp-content\/uploads\/2020\/04\/8048-ELASTIC-SUPPORT-COMP.BAND_.5.1-CM-X-1.7-e1588015219314.jpg","datePublished":"2020-04-27T19:21:55+00:00","dateModified":"2024-10-23T19:18:23+00:00","description":"Bandage r\u00e9utilisable, l\u00e9ger et sans effilochage offre un soutien ferme et une compression pour favoriser une bonne gu\u00e9rison des entorses et des foulures.","breadcrumb":{"@id":"https:\/\/formationsubf.coop\/boutique\/product\/bandage-elastique-de-soutien-2-po-safe-cross\/#breadcrumb"},"inLanguage":"fr-FR","potentialAction":[{"@type":"ReadAction","target":["https:\/\/formationsubf.coop\/boutique\/product\/bandage-elastique-de-soutien-2-po-safe-cross\/"]}]},{"@type":"ImageObject","inLanguage":"fr-FR","@id":"https:\/\/formationsubf.coop\/boutique\/product\/bandage-elastique-de-soutien-2-po-safe-cross\/#primaryimage","url":"https:\/\/formationsubf.coop\/boutique\/wp-content\/uploads\/2020\/04\/8048-ELASTIC-SUPPORT-COMP.BAND_.5.1-CM-X-1.7-e1588015219314.jpg","contentUrl":"https:\/\/formationsubf.coop\/boutique\/wp-content\/uploads\/2020\/04\/8048-ELASTIC-SUPPORT-COMP.BAND_.5.1-CM-X-1.7-e1588015219314.jpg","width":500,"height":499,"caption":"Bandage \u00e9lastique de soutien 2 po | Safe Cross"},{"@type":"BreadcrumbList","@id":"https:\/\/formationsubf.coop\/boutique\/product\/bandage-elastique-de-soutien-2-po-safe-cross\/#breadcrumb","itemListElement":[{"@type":"ListItem","position":1,"name":"Accueil","item":"https:\/\/formationsubf.coop\/boutique\/"},{"@type":"ListItem","position":2,"name":"Boutique","item":"https:\/\/formationsubf.coop\/boutique\/produits\/"},{"@type":"ListItem","position":3,"name":"Premiers Soins","item":"https:\/\/formationsubf.coop\/boutique\/product-category\/premiers-soins\/"},{"@type":"ListItem","position":4,"name":"Bandages \u00e9lastiques - de compression et accessoires tubulaires","item":"https:\/\/formationsubf.coop\/boutique\/product-category\/premiers-soins\/bandages-elastiques-de-compression-et-accessoires-tubulaires\/"},{"@type":"ListItem","position":5,"name":"ELASTIC SUPPORT COMP.BAND.5.1 CM X 1.7 M."}]},{"@type":"WebSite","@id":"https:\/\/formationsubf.coop\/boutique\/#website","url":"https:\/\/formationsubf.coop\/boutique\/","name":"Formations UBF | Boutique","description":"","potentialAction":[{"@type":"SearchAction","target":{"@type":"EntryPoint","urlTemplate":"https:\/\/formationsubf.coop\/boutique\/?s={search_term_string}"},"query-input":{"@type":"PropertyValueSpecification","valueRequired":true,"valueName":"search_term_string"}}],"inLanguage":"fr-FR"}]}},"_links":{"self":[{"href":"https:\/\/formationsubf.coop\/boutique\/wp-json\/wp\/v2\/product\/1828","targetHints":{"allow":["GET"]}}],"collection":[{"href":"https:\/\/formationsubf.coop\/boutique\/wp-json\/wp\/v2\/product"}],"about":[{"href":"https:\/\/formationsubf.coop\/boutique\/wp-json\/wp\/v2\/types\/product"}],"replies":[{"embeddable":true,"href":"https:\/\/formationsubf.coop\/boutique\/wp-json\/wp\/v2\/comments?post=1828"}],"wp:featuredmedia":[{"embeddable":true,"href":"https:\/\/formationsubf.coop\/boutique\/wp-json\/wp\/v2\/media\/1829"}],"wp:attachment":[{"href":"https:\/\/formationsubf.coop\/boutique\/wp-json\/wp\/v2\/media?parent=1828"}],"wp:term":[{"taxonomy":"product_brand","embeddable":true,"href":"https:\/\/formationsubf.coop\/boutique\/wp-json\/wp\/v2\/product_brand?post=1828"},{"taxonomy":"product_cat","embeddable":true,"href":"https:\/\/formationsubf.coop\/boutique\/wp-json\/wp\/v2\/product_cat?post=1828"},{"taxonomy":"product_tag","embeddable":true,"href":"https:\/\/formationsubf.coop\/boutique\/wp-json\/wp\/v2\/product_tag?post=1828"}],"curies":[{"name":"wp","href":"https:\/\/api.w.org\/{rel}","templated":true}]}}