{"id":1822,"date":"2020-04-27T15:03:56","date_gmt":"2020-04-27T19:03:56","guid":{"rendered":"http:\/\/orthoubf.coop\/?post_type=product&#038;p=1822"},"modified":"2024-03-29T15:45:18","modified_gmt":"2024-03-29T19:45:18","slug":"bandage-de-compression-2-po-safe-cross","status":"publish","type":"product","link":"https:\/\/formationsubf.coop\/boutique\/product\/bandage-de-compression-2-po-safe-cross\/","title":{"rendered":"ELASTIC COMPRESSION BAND.5.1 CM X 3.7 M."},"content":{"rendered":"<p>Bandage en coton auto-adh\u00e9sif de haute qualit\u00e9 dot\u00e9 d&rsquo;un rev\u00eatement coh\u00e9sif micro-fin. Id\u00e9al pour fixer les pansements, prot\u00e9ger les plaies et soutenir les articulations et les muscles faibles.<\/p>\n","protected":false},"excerpt":{"rendered":"<ul>\n<li>Ne colle pas \u00e0 la peau ou aux cheveux.<\/li>\n<li>Aucune \u00e9pingle ou clip requis.<\/li>\n<li>L\u00e9ger et confortable.<\/li>\n<li>Peut \u00eatre coup\u00e9 \u00e0 la taille d\u00e9sir\u00e9e.<\/li>\n<li>Le rouleau mesure 3,7 m de long lorsqu&rsquo;il est \u00e9tir\u00e9.<\/li>\n<\/ul>\n","protected":false},"featured_media":1823,"comment_status":"closed","ping_status":"closed","template":"","meta":[],"product_brand":[],"product_cat":[846,413],"product_tag":[607,865,1078,442],"class_list":{"0":"post-1822","1":"product","2":"type-product","3":"status-publish","4":"has-post-thumbnail","6":"product_cat-bandages-elastiques-de-compression-et-accessoires-tubulaires","7":"product_cat-premiers-soins","8":"product_tag-2-po","9":"product_tag-bandage","10":"product_tag-de-compression","11":"product_tag-safe-cross","12":"sync-code-w","14":"first","15":"instock","16":"taxable","17":"shipping-taxable","18":"purchasable","19":"product-type-simple"},"yoast_head":"<!-- This site is optimized with the Yoast SEO plugin v27.3 - https:\/\/yoast.com\/product\/yoast-seo-wordpress\/ -->\n<title>ELASTIC COMPRESSION BAND.5.1 CM X 3.7 M. - Formations UBF | Boutique<\/title>\n<meta name=\"description\" content=\"Bandage en coton auto-adh\u00e9sif id\u00e9al pour fixer les pansements, prot\u00e9ger les plaies et soutenir les articulations et les muscles faibles.\" \/>\n<meta name=\"robots\" content=\"index, follow, max-snippet:-1, max-image-preview:large, max-video-preview:-1\" \/>\n<link rel=\"canonical\" href=\"https:\/\/formationsubf.coop\/boutique\/product\/bandage-de-compression-2-po-safe-cross\/\" \/>\n<meta property=\"og:locale\" content=\"fr_FR\" \/>\n<meta property=\"og:type\" content=\"article\" \/>\n<meta property=\"og:title\" content=\"ELASTIC COMPRESSION BAND.5.1 CM X 3.7 M. - Formations UBF | Boutique\" \/>\n<meta property=\"og:description\" content=\"Bandage en coton auto-adh\u00e9sif id\u00e9al pour fixer les pansements, prot\u00e9ger les plaies et soutenir les articulations et les muscles faibles.\" \/>\n<meta property=\"og:url\" content=\"https:\/\/formationsubf.coop\/boutique\/product\/bandage-de-compression-2-po-safe-cross\/\" \/>\n<meta property=\"og:site_name\" content=\"Formations UBF | Boutique\" \/>\n<meta property=\"article:publisher\" content=\"https:\/\/www.facebook.com\/ubfmaterielmedicaletorthopedique\" \/>\n<meta property=\"article:modified_time\" content=\"2024-03-29T19:45:18+00:00\" \/>\n<meta property=\"og:image\" content=\"https:\/\/formationsubf.coop\/boutique\/wp-content\/uploads\/2020\/04\/3082-ELASTIC-COMPRESSION-BAND.5.1-CM-X-3.7-M-e1588014031810.jpg\" \/>\n\t<meta property=\"og:image:width\" content=\"500\" \/>\n\t<meta property=\"og:image:height\" content=\"499\" \/>\n\t<meta property=\"og:image:type\" content=\"image\/jpeg\" \/>\n<meta name=\"twitter:card\" content=\"summary_large_image\" \/>\n<script type=\"application\/ld+json\" class=\"yoast-schema-graph\">{\"@context\":\"https:\\\/\\\/schema.org\",\"@graph\":[{\"@type\":\"WebPage\",\"@id\":\"https:\\\/\\\/formationsubf.coop\\\/boutique\\\/product\\\/bandage-de-compression-2-po-safe-cross\\\/\",\"url\":\"https:\\\/\\\/formationsubf.coop\\\/boutique\\\/product\\\/bandage-de-compression-2-po-safe-cross\\\/\",\"name\":\"ELASTIC COMPRESSION BAND.5.1 CM X 3.7 M. - Formations UBF | Boutique\",\"isPartOf\":{\"@id\":\"https:\\\/\\\/formationsubf.coop\\\/boutique\\\/#website\"},\"primaryImageOfPage\":{\"@id\":\"https:\\\/\\\/formationsubf.coop\\\/boutique\\\/product\\\/bandage-de-compression-2-po-safe-cross\\\/#primaryimage\"},\"image\":{\"@id\":\"https:\\\/\\\/formationsubf.coop\\\/boutique\\\/product\\\/bandage-de-compression-2-po-safe-cross\\\/#primaryimage\"},\"thumbnailUrl\":\"https:\\\/\\\/formationsubf.coop\\\/boutique\\\/wp-content\\\/uploads\\\/2020\\\/04\\\/3082-ELASTIC-COMPRESSION-BAND.5.1-CM-X-3.7-M-e1588014031810.jpg\",\"datePublished\":\"2020-04-27T19:03:56+00:00\",\"dateModified\":\"2024-03-29T19:45:18+00:00\",\"description\":\"Bandage en coton auto-adh\u00e9sif id\u00e9al pour fixer les pansements, prot\u00e9ger les plaies et soutenir les articulations et les muscles faibles.\",\"breadcrumb\":{\"@id\":\"https:\\\/\\\/formationsubf.coop\\\/boutique\\\/product\\\/bandage-de-compression-2-po-safe-cross\\\/#breadcrumb\"},\"inLanguage\":\"fr-FR\",\"potentialAction\":[{\"@type\":\"ReadAction\",\"target\":[\"https:\\\/\\\/formationsubf.coop\\\/boutique\\\/product\\\/bandage-de-compression-2-po-safe-cross\\\/\"]}]},{\"@type\":\"ImageObject\",\"inLanguage\":\"fr-FR\",\"@id\":\"https:\\\/\\\/formationsubf.coop\\\/boutique\\\/product\\\/bandage-de-compression-2-po-safe-cross\\\/#primaryimage\",\"url\":\"https:\\\/\\\/formationsubf.coop\\\/boutique\\\/wp-content\\\/uploads\\\/2020\\\/04\\\/3082-ELASTIC-COMPRESSION-BAND.5.1-CM-X-3.7-M-e1588014031810.jpg\",\"contentUrl\":\"https:\\\/\\\/formationsubf.coop\\\/boutique\\\/wp-content\\\/uploads\\\/2020\\\/04\\\/3082-ELASTIC-COMPRESSION-BAND.5.1-CM-X-3.7-M-e1588014031810.jpg\",\"width\":500,\"height\":499,\"caption\":\"Bandage de compression 2 po | Safe Cross\"},{\"@type\":\"BreadcrumbList\",\"@id\":\"https:\\\/\\\/formationsubf.coop\\\/boutique\\\/product\\\/bandage-de-compression-2-po-safe-cross\\\/#breadcrumb\",\"itemListElement\":[{\"@type\":\"ListItem\",\"position\":1,\"name\":\"Accueil\",\"item\":\"https:\\\/\\\/formationsubf.coop\\\/boutique\\\/\"},{\"@type\":\"ListItem\",\"position\":2,\"name\":\"Boutique\",\"item\":\"https:\\\/\\\/formationsubf.coop\\\/boutique\\\/produits\\\/\"},{\"@type\":\"ListItem\",\"position\":3,\"name\":\"Premiers Soins\",\"item\":\"https:\\\/\\\/formationsubf.coop\\\/boutique\\\/product-category\\\/premiers-soins\\\/\"},{\"@type\":\"ListItem\",\"position\":4,\"name\":\"Bandages \u00e9lastiques - de compression et accessoires tubulaires\",\"item\":\"https:\\\/\\\/formationsubf.coop\\\/boutique\\\/product-category\\\/premiers-soins\\\/bandages-elastiques-de-compression-et-accessoires-tubulaires\\\/\"},{\"@type\":\"ListItem\",\"position\":5,\"name\":\"ELASTIC COMPRESSION BAND.5.1 CM X 3.7 M.\"}]},{\"@type\":\"WebSite\",\"@id\":\"https:\\\/\\\/formationsubf.coop\\\/boutique\\\/#website\",\"url\":\"https:\\\/\\\/formationsubf.coop\\\/boutique\\\/\",\"name\":\"Formations UBF | Boutique\",\"description\":\"\",\"potentialAction\":[{\"@type\":\"SearchAction\",\"target\":{\"@type\":\"EntryPoint\",\"urlTemplate\":\"https:\\\/\\\/formationsubf.coop\\\/boutique\\\/?s={search_term_string}\"},\"query-input\":{\"@type\":\"PropertyValueSpecification\",\"valueRequired\":true,\"valueName\":\"search_term_string\"}}],\"inLanguage\":\"fr-FR\"}]}<\/script>\n<!-- \/ Yoast SEO plugin. -->","yoast_head_json":{"title":"ELASTIC COMPRESSION BAND.5.1 CM X 3.7 M. - Formations UBF | Boutique","description":"Bandage en coton auto-adh\u00e9sif id\u00e9al pour fixer les pansements, prot\u00e9ger les plaies et soutenir les articulations et les muscles faibles.","robots":{"index":"index","follow":"follow","max-snippet":"max-snippet:-1","max-image-preview":"max-image-preview:large","max-video-preview":"max-video-preview:-1"},"canonical":"https:\/\/formationsubf.coop\/boutique\/product\/bandage-de-compression-2-po-safe-cross\/","og_locale":"fr_FR","og_type":"article","og_title":"ELASTIC COMPRESSION BAND.5.1 CM X 3.7 M. - Formations UBF | Boutique","og_description":"Bandage en coton auto-adh\u00e9sif id\u00e9al pour fixer les pansements, prot\u00e9ger les plaies et soutenir les articulations et les muscles faibles.","og_url":"https:\/\/formationsubf.coop\/boutique\/product\/bandage-de-compression-2-po-safe-cross\/","og_site_name":"Formations UBF | Boutique","article_publisher":"https:\/\/www.facebook.com\/ubfmaterielmedicaletorthopedique","article_modified_time":"2024-03-29T19:45:18+00:00","og_image":[{"width":500,"height":499,"url":"https:\/\/formationsubf.coop\/boutique\/wp-content\/uploads\/2020\/04\/3082-ELASTIC-COMPRESSION-BAND.5.1-CM-X-3.7-M-e1588014031810.jpg","type":"image\/jpeg"}],"twitter_card":"summary_large_image","schema":{"@context":"https:\/\/schema.org","@graph":[{"@type":"WebPage","@id":"https:\/\/formationsubf.coop\/boutique\/product\/bandage-de-compression-2-po-safe-cross\/","url":"https:\/\/formationsubf.coop\/boutique\/product\/bandage-de-compression-2-po-safe-cross\/","name":"ELASTIC COMPRESSION BAND.5.1 CM X 3.7 M. - Formations UBF | Boutique","isPartOf":{"@id":"https:\/\/formationsubf.coop\/boutique\/#website"},"primaryImageOfPage":{"@id":"https:\/\/formationsubf.coop\/boutique\/product\/bandage-de-compression-2-po-safe-cross\/#primaryimage"},"image":{"@id":"https:\/\/formationsubf.coop\/boutique\/product\/bandage-de-compression-2-po-safe-cross\/#primaryimage"},"thumbnailUrl":"https:\/\/formationsubf.coop\/boutique\/wp-content\/uploads\/2020\/04\/3082-ELASTIC-COMPRESSION-BAND.5.1-CM-X-3.7-M-e1588014031810.jpg","datePublished":"2020-04-27T19:03:56+00:00","dateModified":"2024-03-29T19:45:18+00:00","description":"Bandage en coton auto-adh\u00e9sif id\u00e9al pour fixer les pansements, prot\u00e9ger les plaies et soutenir les articulations et les muscles faibles.","breadcrumb":{"@id":"https:\/\/formationsubf.coop\/boutique\/product\/bandage-de-compression-2-po-safe-cross\/#breadcrumb"},"inLanguage":"fr-FR","potentialAction":[{"@type":"ReadAction","target":["https:\/\/formationsubf.coop\/boutique\/product\/bandage-de-compression-2-po-safe-cross\/"]}]},{"@type":"ImageObject","inLanguage":"fr-FR","@id":"https:\/\/formationsubf.coop\/boutique\/product\/bandage-de-compression-2-po-safe-cross\/#primaryimage","url":"https:\/\/formationsubf.coop\/boutique\/wp-content\/uploads\/2020\/04\/3082-ELASTIC-COMPRESSION-BAND.5.1-CM-X-3.7-M-e1588014031810.jpg","contentUrl":"https:\/\/formationsubf.coop\/boutique\/wp-content\/uploads\/2020\/04\/3082-ELASTIC-COMPRESSION-BAND.5.1-CM-X-3.7-M-e1588014031810.jpg","width":500,"height":499,"caption":"Bandage de compression 2 po | Safe Cross"},{"@type":"BreadcrumbList","@id":"https:\/\/formationsubf.coop\/boutique\/product\/bandage-de-compression-2-po-safe-cross\/#breadcrumb","itemListElement":[{"@type":"ListItem","position":1,"name":"Accueil","item":"https:\/\/formationsubf.coop\/boutique\/"},{"@type":"ListItem","position":2,"name":"Boutique","item":"https:\/\/formationsubf.coop\/boutique\/produits\/"},{"@type":"ListItem","position":3,"name":"Premiers Soins","item":"https:\/\/formationsubf.coop\/boutique\/product-category\/premiers-soins\/"},{"@type":"ListItem","position":4,"name":"Bandages \u00e9lastiques - de compression et accessoires tubulaires","item":"https:\/\/formationsubf.coop\/boutique\/product-category\/premiers-soins\/bandages-elastiques-de-compression-et-accessoires-tubulaires\/"},{"@type":"ListItem","position":5,"name":"ELASTIC COMPRESSION BAND.5.1 CM X 3.7 M."}]},{"@type":"WebSite","@id":"https:\/\/formationsubf.coop\/boutique\/#website","url":"https:\/\/formationsubf.coop\/boutique\/","name":"Formations UBF | Boutique","description":"","potentialAction":[{"@type":"SearchAction","target":{"@type":"EntryPoint","urlTemplate":"https:\/\/formationsubf.coop\/boutique\/?s={search_term_string}"},"query-input":{"@type":"PropertyValueSpecification","valueRequired":true,"valueName":"search_term_string"}}],"inLanguage":"fr-FR"}]}},"_links":{"self":[{"href":"https:\/\/formationsubf.coop\/boutique\/wp-json\/wp\/v2\/product\/1822","targetHints":{"allow":["GET"]}}],"collection":[{"href":"https:\/\/formationsubf.coop\/boutique\/wp-json\/wp\/v2\/product"}],"about":[{"href":"https:\/\/formationsubf.coop\/boutique\/wp-json\/wp\/v2\/types\/product"}],"replies":[{"embeddable":true,"href":"https:\/\/formationsubf.coop\/boutique\/wp-json\/wp\/v2\/comments?post=1822"}],"wp:featuredmedia":[{"embeddable":true,"href":"https:\/\/formationsubf.coop\/boutique\/wp-json\/wp\/v2\/media\/1823"}],"wp:attachment":[{"href":"https:\/\/formationsubf.coop\/boutique\/wp-json\/wp\/v2\/media?parent=1822"}],"wp:term":[{"taxonomy":"product_brand","embeddable":true,"href":"https:\/\/formationsubf.coop\/boutique\/wp-json\/wp\/v2\/product_brand?post=1822"},{"taxonomy":"product_cat","embeddable":true,"href":"https:\/\/formationsubf.coop\/boutique\/wp-json\/wp\/v2\/product_cat?post=1822"},{"taxonomy":"product_tag","embeddable":true,"href":"https:\/\/formationsubf.coop\/boutique\/wp-json\/wp\/v2\/product_tag?post=1822"}],"curies":[{"name":"wp","href":"https:\/\/api.w.org\/{rel}","templated":true}]}}