{"id":2883,"date":"2023-07-26T16:40:05","date_gmt":"2023-07-26T20:40:05","guid":{"rendered":"https:\/\/orthoubf.coop\/?page_id=2883"},"modified":"2024-08-09T10:49:30","modified_gmt":"2024-08-09T14:49:30","slug":"politique-de-livraison-et-retour","status":"publish","type":"page","link":"https:\/\/formationsubf.coop\/boutique\/politique-de-livraison-et-retour\/","title":{"rendered":"Politique de livraison et retour"},"content":{"rendered":"\n<h2 class=\"wp-block-heading has-text-align-center\">Politique de retour et garantie temporaire sans livraison Canada<\/h2>\n\n\n\n<div style=\"height:41px\" aria-hidden=\"true\" class=\"wp-block-spacer\"><\/div>\n\n\n\n<p><strong><u>LIVRAISON<\/u><\/strong><\/p>\n\n\n\n<p>Votre commande sera exp\u00e9di\u00e9e dans un d\u00e9lai de 24 \u00e0 72 heures ouvrables.<\/p>\n\n\n\n<div class=\"wp-block-columns is-not-stacked-on-mobile is-layout-flex wp-container-core-columns-is-layout-9d6595d7 wp-block-columns-is-layout-flex\">\n<div class=\"wp-block-column is-layout-flow wp-block-column-is-layout-flow\" style=\"flex-basis:50%\">\n<p><strong>Au Qu\u00e9bec<\/strong><\/p>\n<\/div>\n\n\n\n<div class=\"wp-block-column is-layout-flow wp-block-column-is-layout-flow\" style=\"flex-basis:50%\">\n<p class=\"has-text-align-right\"><strong>LIVRAISON<\/strong><\/p>\n<\/div>\n<\/div>\n\n\n\n<figure class=\"wp-block-table\"><table><tbody><tr><td>Commande inf\u00e9rieure \u00e0 149.99 $ avant taxes<\/td><td>12.95 $<\/td><\/tr><tr><td>Commande de 150.00 $ et plus avant taxes<\/td><td>Livraison gratuite<\/td><\/tr><\/tbody><\/table><\/figure>\n\n\n\n<p>Certaines r\u00e9gions \u00e9loign\u00e9es sont exclues. Dans ce cas, nous communiquons avec le client avant de conclure la transaction et de proc\u00e9der \u00e0 l\u2019envoi.<\/p>\n\n\n\n<p>Les frais de livraison et les taxes sur le transport ne sont pas remboursables. Si, pour une raison quelconque, la commande nous est retourn\u00e9e par le transporteur, le client doit assumer les frais et les taxes applicables pour que nous puissions r\u00e9exp\u00e9dier la commande.<\/p>\n\n\n\n<p><strong><u>CUEILLETTE EN BOUTIQUE<\/u><\/strong><\/p>\n\n\n\n<p>La politique de retour s\u2019applique \u00e0 partir de la date d\u2019achat, et non pas de la date de cueillette. Les commandes sont trait\u00e9es dans un d\u00e9lai de 24&nbsp;heures. Les clients sont pri\u00e9s d\u2019attendre le courriel de confirmation de leur commande avant de se pr\u00e9senter \u00e0 la boutique.<\/p>\n\n\n\n<p><strong><u>Politique de retour et garantie<\/u><\/strong><\/p>\n\n\n\n<p><strong>Garantie<\/strong><\/p>\n\n\n\n<p>En cas de d\u00e9fectuosit\u00e9 du produit, la garantie du fabricant s\u2019applique.<\/p>\n\n\n\n<p><strong>Conditions g\u00e9n\u00e9rales de retour<\/strong><\/p>\n\n\n\n<p>UBF Formations accepte le retour de produits, aux frais du client, si les conditions suivantes sont remplies&nbsp;:<\/p>\n\n\n\n<ol class=\"wp-block-list\" style=\"list-style-type:1\">\n<li>La preuve d\u2019achat originale (facture) est pr\u00e9sent\u00e9e lors du retour;<\/li>\n\n\n\n<li>Le retour du produit est effectu\u00e9 dans un d\u00e9lai de 10&nbsp;jours \u00e0 compter de la date d\u2019achat inscrite sur la facture;<\/li>\n\n\n\n<li>Le produit est retourn\u00e9 dans son emballage d\u2019origine et cet emballage est intact.<\/li>\n\n\n\n<li>Le client a obtenu de notre service \u00e0 la client\u00e8le une autorisation \u00e9crite pour nous retourner le produit.<\/li>\n<\/ol>\n\n\n\n<p><strong>MODALIT\u00c9 DE REMBOURSEMENT<\/strong><\/p>\n\n\n\n<p>Dans le cas d\u2019un remboursement (au lieu d\u2019un \u00e9change), UBF Formations rembourse le montant correspondant au prix des produits retourn\u00e9s selon le mode de paiement utilis\u00e9 lors de l\u2019achat. Les frais de livraison ne sont pas remboursables lors du retour de produits, que ces derniers soient rembours\u00e9s ou \u00e9chang\u00e9s<\/p>\n\n\n\n<p><strong>EXCLUSIONS<\/strong><\/p>\n\n\n\n<p>Sont exclus de la politique de retour et ne peuvent \u00eatre retourn\u00e9s ni faire l\u2019objet d\u2019un remboursement ou d\u2019un \u00e9change les produits suivants&nbsp;:<\/p>\n\n\n\n<ol class=\"wp-block-list\" style=\"list-style-type:1\">\n<li>Produits ayant fait l\u2019objet d\u2019une commande sp\u00e9ciale pour le client;<\/li>\n\n\n\n<li>Produits&nbsp;<strong>en liquidation<\/strong>&nbsp;ou ayant fait l\u2019objet d\u2019une<strong> vente finale<\/strong>;<\/li>\n\n\n\n<li>Produits sanitaires, d\u2019hygi\u00e8ne corporelle ou autres dont l\u2019exclusion est indiqu\u00e9e dans la description.<\/li>\n<\/ol>\n\n\n\n<p><strong>ADRESSE DE RETOUR<\/strong><\/p>\n\n\n\n<p>795 rue de l\u2019Artisan<br>Victoriaville (QC) G6T 1V3<\/p>\n","protected":false},"excerpt":{"rendered":"<p>Politique de retour et garantie temporaire sans livraison Canada LIVRAISON Votre commande sera exp\u00e9di\u00e9e dans un d\u00e9lai de 24 \u00e0 72 heures ouvrables. Au Qu\u00e9bec LIVRAISON Commande inf\u00e9rieure \u00e0 149.99 $ avant taxes 12.95 $ Commande de 150.00 $ et plus avant taxes Livraison gratuite Certaines r\u00e9gions \u00e9loign\u00e9es sont exclues. Dans ce cas, nous communiquons [&#8230;]\n","protected":false},"author":43,"featured_media":0,"parent":0,"menu_order":0,"comment_status":"closed","ping_status":"closed","template":"","meta":{"footnotes":""},"class_list":["post-2883","page","type-page","status-publish","hentry"],"yoast_head":"<!-- This site is optimized with the Yoast SEO plugin v27.6 - https:\/\/yoast.com\/product\/yoast-seo-wordpress\/ -->\n<title>Politique de livraison et retour - Formations UBF | Boutique<\/title>\n<meta name=\"description\" content=\"Votre commande sera exp\u00e9di\u00e9e dans un d\u00e9lai de 24 \u00e0 72 heure ouvrable. Nous rembourserons le montant correspondant.\" \/>\n<meta name=\"robots\" content=\"index, follow, max-snippet:-1, max-image-preview:large, max-video-preview:-1\" \/>\n<link rel=\"canonical\" href=\"https:\/\/formationsubf.coop\/boutique\/politique-de-livraison-et-retour\/\" \/>\n<meta property=\"og:locale\" content=\"fr_FR\" \/>\n<meta property=\"og:type\" content=\"article\" \/>\n<meta property=\"og:title\" content=\"Politique de livraison et retour - Formations UBF | Boutique\" \/>\n<meta property=\"og:description\" content=\"Votre commande sera exp\u00e9di\u00e9e dans un d\u00e9lai de 24 \u00e0 72 heure ouvrable. Nous rembourserons le montant correspondant.\" \/>\n<meta property=\"og:url\" content=\"https:\/\/formationsubf.coop\/boutique\/politique-de-livraison-et-retour\/\" \/>\n<meta property=\"og:site_name\" content=\"Formations UBF | Boutique\" \/>\n<meta property=\"article:publisher\" content=\"https:\/\/www.facebook.com\/ubfmaterielmedicaletorthopedique\" \/>\n<meta property=\"article:modified_time\" content=\"2024-08-09T14:49:30+00:00\" \/>\n<meta name=\"twitter:card\" content=\"summary_large_image\" \/>\n<meta name=\"twitter:label1\" content=\"Dur\u00e9e de lecture estim\u00e9e\" \/>\n\t<meta name=\"twitter:data1\" content=\"2 minutes\" \/>\n<script type=\"application\/ld+json\" class=\"yoast-schema-graph\">{\"@context\":\"https:\\\/\\\/schema.org\",\"@graph\":[{\"@type\":\"WebPage\",\"@id\":\"https:\\\/\\\/formationsubf.coop\\\/boutique\\\/politique-de-livraison-et-retour\\\/\",\"url\":\"https:\\\/\\\/formationsubf.coop\\\/boutique\\\/politique-de-livraison-et-retour\\\/\",\"name\":\"Politique de livraison et retour - Formations UBF | Boutique\",\"isPartOf\":{\"@id\":\"https:\\\/\\\/formationsubf.coop\\\/boutique\\\/#website\"},\"datePublished\":\"2023-07-26T20:40:05+00:00\",\"dateModified\":\"2024-08-09T14:49:30+00:00\",\"description\":\"Votre commande sera exp\u00e9di\u00e9e dans un d\u00e9lai de 24 \u00e0 72 heure ouvrable. Nous rembourserons le montant correspondant.\",\"breadcrumb\":{\"@id\":\"https:\\\/\\\/formationsubf.coop\\\/boutique\\\/politique-de-livraison-et-retour\\\/#breadcrumb\"},\"inLanguage\":\"fr-FR\",\"potentialAction\":[{\"@type\":\"ReadAction\",\"target\":[\"https:\\\/\\\/formationsubf.coop\\\/boutique\\\/politique-de-livraison-et-retour\\\/\"]}]},{\"@type\":\"BreadcrumbList\",\"@id\":\"https:\\\/\\\/formationsubf.coop\\\/boutique\\\/politique-de-livraison-et-retour\\\/#breadcrumb\",\"itemListElement\":[{\"@type\":\"ListItem\",\"position\":1,\"name\":\"Accueil\",\"item\":\"https:\\\/\\\/formationsubf.coop\\\/boutique\\\/\"},{\"@type\":\"ListItem\",\"position\":2,\"name\":\"Politique de livraison et retour\"}]},{\"@type\":\"WebSite\",\"@id\":\"https:\\\/\\\/formationsubf.coop\\\/boutique\\\/#website\",\"url\":\"https:\\\/\\\/formationsubf.coop\\\/boutique\\\/\",\"name\":\"Formations UBF | Boutique\",\"description\":\"\",\"potentialAction\":[{\"@type\":\"SearchAction\",\"target\":{\"@type\":\"EntryPoint\",\"urlTemplate\":\"https:\\\/\\\/formationsubf.coop\\\/boutique\\\/?s={search_term_string}\"},\"query-input\":{\"@type\":\"PropertyValueSpecification\",\"valueRequired\":true,\"valueName\":\"search_term_string\"}}],\"inLanguage\":\"fr-FR\"}]}<\/script>\n<!-- \/ Yoast SEO plugin. -->","yoast_head_json":{"title":"Politique de livraison et retour - Formations UBF | Boutique","description":"Votre commande sera exp\u00e9di\u00e9e dans un d\u00e9lai de 24 \u00e0 72 heure ouvrable. Nous rembourserons le montant correspondant.","robots":{"index":"index","follow":"follow","max-snippet":"max-snippet:-1","max-image-preview":"max-image-preview:large","max-video-preview":"max-video-preview:-1"},"canonical":"https:\/\/formationsubf.coop\/boutique\/politique-de-livraison-et-retour\/","og_locale":"fr_FR","og_type":"article","og_title":"Politique de livraison et retour - Formations UBF | Boutique","og_description":"Votre commande sera exp\u00e9di\u00e9e dans un d\u00e9lai de 24 \u00e0 72 heure ouvrable. Nous rembourserons le montant correspondant.","og_url":"https:\/\/formationsubf.coop\/boutique\/politique-de-livraison-et-retour\/","og_site_name":"Formations UBF | Boutique","article_publisher":"https:\/\/www.facebook.com\/ubfmaterielmedicaletorthopedique","article_modified_time":"2024-08-09T14:49:30+00:00","twitter_card":"summary_large_image","twitter_misc":{"Dur\u00e9e de lecture estim\u00e9e":"2 minutes"},"schema":{"@context":"https:\/\/schema.org","@graph":[{"@type":"WebPage","@id":"https:\/\/formationsubf.coop\/boutique\/politique-de-livraison-et-retour\/","url":"https:\/\/formationsubf.coop\/boutique\/politique-de-livraison-et-retour\/","name":"Politique de livraison et retour - Formations UBF | Boutique","isPartOf":{"@id":"https:\/\/formationsubf.coop\/boutique\/#website"},"datePublished":"2023-07-26T20:40:05+00:00","dateModified":"2024-08-09T14:49:30+00:00","description":"Votre commande sera exp\u00e9di\u00e9e dans un d\u00e9lai de 24 \u00e0 72 heure ouvrable. Nous rembourserons le montant correspondant.","breadcrumb":{"@id":"https:\/\/formationsubf.coop\/boutique\/politique-de-livraison-et-retour\/#breadcrumb"},"inLanguage":"fr-FR","potentialAction":[{"@type":"ReadAction","target":["https:\/\/formationsubf.coop\/boutique\/politique-de-livraison-et-retour\/"]}]},{"@type":"BreadcrumbList","@id":"https:\/\/formationsubf.coop\/boutique\/politique-de-livraison-et-retour\/#breadcrumb","itemListElement":[{"@type":"ListItem","position":1,"name":"Accueil","item":"https:\/\/formationsubf.coop\/boutique\/"},{"@type":"ListItem","position":2,"name":"Politique de livraison et retour"}]},{"@type":"WebSite","@id":"https:\/\/formationsubf.coop\/boutique\/#website","url":"https:\/\/formationsubf.coop\/boutique\/","name":"Formations UBF | Boutique","description":"","potentialAction":[{"@type":"SearchAction","target":{"@type":"EntryPoint","urlTemplate":"https:\/\/formationsubf.coop\/boutique\/?s={search_term_string}"},"query-input":{"@type":"PropertyValueSpecification","valueRequired":true,"valueName":"search_term_string"}}],"inLanguage":"fr-FR"}]}},"_links":{"self":[{"href":"https:\/\/formationsubf.coop\/boutique\/wp-json\/wp\/v2\/pages\/2883","targetHints":{"allow":["GET"]}}],"collection":[{"href":"https:\/\/formationsubf.coop\/boutique\/wp-json\/wp\/v2\/pages"}],"about":[{"href":"https:\/\/formationsubf.coop\/boutique\/wp-json\/wp\/v2\/types\/page"}],"author":[{"embeddable":true,"href":"https:\/\/formationsubf.coop\/boutique\/wp-json\/wp\/v2\/users\/43"}],"replies":[{"embeddable":true,"href":"https:\/\/formationsubf.coop\/boutique\/wp-json\/wp\/v2\/comments?post=2883"}],"version-history":[{"count":17,"href":"https:\/\/formationsubf.coop\/boutique\/wp-json\/wp\/v2\/pages\/2883\/revisions"}],"predecessor-version":[{"id":3028,"href":"https:\/\/formationsubf.coop\/boutique\/wp-json\/wp\/v2\/pages\/2883\/revisions\/3028"}],"wp:attachment":[{"href":"https:\/\/formationsubf.coop\/boutique\/wp-json\/wp\/v2\/media?parent=2883"}],"curies":[{"name":"wp","href":"https:\/\/api.w.org\/{rel}","templated":true}]}}